igit of q?
1
Let g(m) = 4*m - 28. Let c be g(7). Let l(n) = n - 73. Let h be l(c). Let d = h - -158. What is the tens digit of d?
8
Suppose 2*a - 3*a = -72. Suppose 5*f - 3*q = 220, f - a = -6*q + q. What is the units digit of f?
7
Let l(i) be the first derivative of 17/3*i**3 + 15*i**2 + 1/4*i**4 - 8*i - 20. What is the hundreds digit of l(-14)?
1
Let r(d) = 397*d**2 - 116*d - 1370. What is the tens digit of r(-11)?
4
Let u be (-3)/(-21) + (-10160)/(-28). Suppose -2*c + 5*n + u = 2*c, -c + 91 = -n. What is the units digit of c?
2
Let s(u) = u**3 + 5*u**2 + 3*u. Let a be s(-2). Let p be a*3/(45/10). Suppose 0 = 5*j + 5*b - 265, 2*j = -2*j + p*b + 204. What is the units digit of j?
2
Let y = 1318 - 1142. What is the hundreds digit of y?
1
Suppose 227 = -2*g + 3*g. Let w = g - 56. Suppose j = 2*z + 294, 126 = j - 5*z - w. What is the units digit of j?
2
Suppose 0 = 5*a - 20, 775 = 4*s + 3*a - 3037. What is the units digit of s?
0
Let f(m) = 8*m**2 - 3 + 8*m**2 - m**3 + 11*m - 20*m**2 + 8*m**2. Let x be f(6). Let r(z) = z**3 + 8*z**2 - 12*z + 6. What is the units digit of r(x)?
3
Suppose 44*m - 241338 = -14*m. What is the tens digit of m?
6
Suppose 419*z + 96525 = 452*z. What is the units digit of z?
5
Let m(f) = 2*f**3 + 17*f**2 + 8*f - 14. Let q be m(-8). Let t(i) = -i**3 - 12*i**2 + 12*i - 28. What is the tens digit of t(q)?
9
Suppose 357*v + 3*n = 361*v - 2995, -4*n = 2*v - 1470. What is the units digit of v?
5
Let s = 7020 - 3655. What is the hundreds digit of s?
3
Let b(o) = -161*o**2 + 16*o - 14. Let u be b(1). Let v = u + 335. What is the hundreds digit of v?
1
Let a(w) = w**2 + 21*w + 84. Let o be a(-5). Suppose 0 = -4*j - 6*u + 551 - 189, u = -o*j + 347. What is the units digit of j?
6
Let h be 2/(-14) - -141*(-2)/(-14). Suppose -h*r + 4116 = 576. What is the units digit of r?
7
Let h be -6*(8/3 + 1). What is the units digit of 1257/6 + 33/h?
8
Let r = -12 - -15. Suppose 0 = -4*o - 4*c + 13 - 1, o - r*c - 7 = 0. What is the tens digit of 3*184*o/24?
9
Let m(x) = -4*x**2 + 11*x - 11. Let a be m(5). Let d = a - -115. Let c = 80 - d. What is the tens digit of c?
2
Let i = -18 - -97. Let t be (35/21 - 1) + 229/3. Let g = i + t. What is the units digit of g?
6
Suppose 0 = 3*x - 3, 3*t + 44*x - 45014 = 42*x. What is the hundreds digit of t?
0
Suppose -214*h + 2108251 = -9037083. What is the thousands digit of h?
2
Suppose 272*a = 268*a + 11260. Let d = a + -1699. What is the tens digit of d?
1
Let j(f) be the second derivative of 26*f**3/3 + 53*f**2/2 - 13*f. What is the tens digit of j(10)?
7
What is the ten thousands digit of (-31 - -23) + (606816/4)/3?
5
What is the tens digit of 93900/125*2*(-35)/(-4)?
4
Let h(s) = s**2 + 1. Suppose 7*p - 10 = 2*p. Let g(o) = -o**2 + 7*o + 8. Let n(a) = p*g(a) + 4*h(a). What is the tens digit of n(-8)?
3
What is the units digit of (4/(-16)*106)/(19/(-6498))?
3
Let p(n) be the first derivative of n**3 - 26*n + 33 + 2*n - 2*n. What is the hundreds digit of p(8)?
1
Let i(r) = -562*r - 2581. What is the thousands digit of i(-22)?
9
Let d = -33 + 17. What is the units digit of (2 + 2*(-678)/d)*4?
7
Let i(p) = -3*p**3 - p - 2. Let b be i(-2). Suppose 77*j = 79*j - b. What is the tens digit of j?
1
Let j = -14242 - -30049. What is the thousands digit of j?
5
Let m = -88 + 97. Let w = m - -2. Suppose 8*l - w*l + 285 = 0. What is the units digit of l?
5
Suppose -6*l + 10 = -4*l. Let c be (45/(-6))/(111/(-74)). Suppose 4*x = c*v - 2 - 11, 4*v - 5*x - l = 0. What is the units digit of v?
5
Suppose 1302655 - 4420348 = -191*t. What is the ten thousands digit of t?
1
Let s be -8*(-9)/(-72) + (3 - 0). Suppose -24*r + 5*t = -27*r + 545, -692 = -4*r + s*t. What is the tens digit of r?
7
Let q(m) = -4*m - m**2 + 4 + 1 + 10. Let i be q(-6). What is the tens digit of (-113)/((i - 7)/4)?
1
Let f = 27243 - 13507. What is the hundreds digit of f?
7
Let h be 4*3/(-4) + (-28)/(-2). Suppose 9*a = h*a - 1024. What is the units digit of a?
2
Suppose 22*y - 18*y = 44. Let r(c) = -4*c + 16 + 8*c - 5 + 8. What is the tens digit of r(y)?
6
Let o = -6658 + 14925. What is the tens digit of o?
6
Suppose 24 = 5*p + 9. Suppose -p*g + 3683 - 1049 = 0. What is the hundreds digit of g?
8
Suppose 10*x - 11346 = 4*x. Suppose -5*z = 2*q - x, 0 = -5*z - 8*q + 3*q + 1900. What is the hundreds digit of z?
3
Suppose -a = -5*m - 30, -a + 6*a - 69 = -2*m. Let u = a + -23. What is the tens digit of (u - -7)*(-19 + 2)*1?
1
Suppose 2*j = 13*j - 440. Let o = 227 - j. What is the tens digit of o?
8
Let y = -6481 - -10238. What is the thousands digit of y?
3
Let f be ((-32)/(-24))/(2/(-81)). Let t = f + 4. What is the tens digit of (t/(-8) - -2)*16?
3
Let i be (-9)/(-9) + 3*1. Let d be i/6*(-45)/10. What is the units digit of d + (1 - 2) + 83?
9
Suppose -2 = -4*s + 5*y + 1, 5*s - 3*y - 7 = 0. Suppose i + s*r - 166 = 3*r, -2*i - 4*r + 326 = 0. What is the hundreds digit of i?
1
Let a(d) = -6*d**2 + 7*d - 3. Let z be a(3). Let r = z + 38. Suppose r*s - 59 = 3. What is the units digit of s?
1
Let d(a) be the second derivative of 6*a**3 + a**2/2 + 2*a. Suppose -3*y - 25 = -28*y. What is the tens digit of d(y)?
3
Let z = -3765 - -6807. What is the hundreds digit of z?
0
Suppose -204*u + 3803490 + 4300988 = 2260286. What is the tens digit of u?
4
Let o(q) = -q**2 - 4*q + 2. Let x be o(-2). Let n be x/(-9) + -3 + 906/9. Suppose -5*z + 683 = -n. What is the tens digit of z?
5
Let v be 4/7 + (-48)/(-14). Suppose -3*x = 2*g + 30, g = -3*x + v*g - 15. Let y(b) = -8*b - 38. What is the units digit of y(x)?
6
What is the hundreds digit of 11 + (5*-7287)/(-7)?
2
Suppose x - 143704 = -2*n, 23*n = 15*n + 3*x + 574858. What is the hundreds digit of n?
8
Let p be (-2)/(-8) + 2/((-96)/(-708)). Suppose -5*y + 15 = 0, -10*k - 3*y - 1386 = -p*k. What is the tens digit of k?
7
Suppose j + 4 = 4*v, -3*j + v + 8 = -13. What is the tens digit of 9*((-171)/(-15) + j/(-20))?
9
Suppose 0*c + 6 = m - 3*c, 0 = 4*m + c - 37. Let x(a) = 2*a**2 - 17*a - 8. Let t be x(m). What is the units digit of (1 - -17)*t/(-4)*-14?
3
Let x = 47 - 43. Suppose -3*o + 4*d = o - 204, x*o = -5*d + 204. What is the units digit of o?
1
Let u(i) = i**2 - 46*i - 70. Let g be u(26). Let w = -263 - g. What is the units digit of w?
7
Let o = -88 - -89. What is the tens digit of o + 27 - (0 - -1)?
2
Let o(i) = -i**3 - 10*i**2 + 340*i - 10. What is the hundreds digit of o(-34)?
1
Let d = 15 - 1. Suppose 0 = -3*c - 5 + d. Suppose -4*l = -4*a + 40, -c*l - 15 = 5*a - 81. What is the units digit of a?
2
Let r(s) = s**3. Let a be r(-5). Suppose -3*g = 94 + 554. Let o = a - g. What is the units digit of o?
1
Let u(l) = l**3 + 52*l**2 + 141*l - 77. What is the tens digit of u(-49)?
1
Let q be 1098/(-24) - (-1)/(-4). Let g = q + 50. Suppose s + 2*p - 138 = -2*p, -g*s + 528 = 4*p. What is the hundreds digit of s?
1
Let a(o) = -4*o + 42. Let t be (172/20 - -5)/(6/(-15)). What is the units digit of a(t)?
8
Let k be 0*((-6 - -3) + 13 + -9). Suppose 31*o - 11*o - 13560 = k. What is the hundreds digit of o?
6
Let m(y) = 13199*y - 4348. What is the ten thousands digit of m(5)?
6
Suppose 20*c = 25 + 35. What is the tens digit of c/(-5) - 1832/(-20)?
9
Let i(w) = 2*w**2 - 15*w + 63. Let p be i(6). Let r = 130 - p. What is the tens digit of r?
8
Suppose 123*i = 121*i + 4. What is the tens digit of 309/i*(43 + -37)?
2
Suppose 4*w = -m + 448, 3*m = m + 8. Let u = w - 8. What is the hundreds digit of u?
1
Let h(d) = d**2 - 8*d - 28. Let m be h(11). What is the tens digit of m*104 + (-14 - -19)?
2
Suppose -19*r = -381156 - 106802. What is the thousands digit of r?
5
Suppose -365 = 16*o - 1053. Let q(h) = -o*h - 8 + 15 - 3 + 21. What is the units digit of q(-5)?
0
Let b(l) = 14*l + 11*l - 79*l**2 + 27 - 7 + 5*l + 82*l**2. What is the thousands digit of b(18)?
1
Suppose 2*d - 1179 = 7*b - 2*b, 5*d = b + 2959. Suppose 6*q - 4*q - 920 = 0. Suppose -4*o + 5*g + q = -0*g, 5*o = 2*g + d. What is the units digit of o?
0
Let c(z) = z**2 - 41*z + 41. Let r be c(40). Let y(a) = 1380*a**2 + 11*a - 10. What is the tens digit of y(r)?
8
Suppose -7*b + 12*b + 4*t = 4, 0 = 4*b - 2*t - 24. Suppose -1109 = -s - 3*o, 0 = -b*s + 2*o - 3*o + 4403. What is the thousands digit of s?
1
Let o(a) be the first derivative of a**3/6 + 27*a**2 - 31*a - 16. Let g(p)